. Let b be c(4). Is 2/b - (-340)/16 a prime number?
False
Let f = 2802 + -1439. Is f a prime number?
False
Let o(m) = -m + 2. Let j(y) = y - 3. Let h(k) = -3*j(k) - 2*o(k). Let c be h(4). Is 59/(c + -2 - -2) composite?
False
Let q(n) = n**2 - 8*n + 3. Let b be q(7). Let r(j) = -32*j + 3. Is r(b) a composite number?
False
Suppose 4*t = -0*t. Suppose -4*g + g + 399 = t. Is g prime?
False
Suppose -r + 5*r - 248 = 0. Suppose -3*m + r = -37. Is m prime?
False
Is (557/5)/1 + (-32)/80 composite?
True
Let i be (-1)/((-3)/54) - 3. Is (-15)/6*(-126)/i a prime number?
False
Suppose 2*u + 3*p = 128, 2*u - p + 88 - 224 = 0. Let b = u - 34. Is b prime?
False
Let j be ((-138)/4)/((-3)/(-6)). Is (j/6)/((-1)/2) a prime number?
True
Suppose -4*w = -19 + 3. Suppose -w*t + 6*t - 1418 = 0. Is t a prime number?
True
Let b(f) = -17*f - 7. Is b(-10) a prime number?
True
Let n be (3/(-4))/(14/(-504)). Let w(m) = m**2 - 3*m - 4. Let l be w(4). Suppose l = 2*q + 1 - n. Is q a composite number?
False
Let a(y) be the second derivative of 0 - 3/2*y**3 + 2*y - 5/2*y**2. Is a(-4) prime?
True
Let r(n) = -14*n + 3. Let j be r(-4). Suppose -d + 0*o = -2*o - j, 5*o = 10. Let z = d + -38. Is z composite?
True
Let l = 168 + 23. Is l composite?
False
Let w be 4/(-10) - (-68)/20. Suppose -2*k + w*y = -589 + 216, 4*y = -4. Is k a composite number?
True
Suppose 6*h + 44 = -322. Let y = h + 107. Is y prime?
False
Let p be 8 - (-1 + 2 - 0). Suppose -2*q + 24 = -4*y, -3*q - y = -p*q + 13. Is (-248)/4*q/(-4) composite?
False
Let z(u) = -83*u - 17. Is z(-6) a composite number?
True
Suppose 147 = 3*o - 144. Is o composite?
False
Let d = 4436 + -777. Is d a composite number?
False
Suppose 5*k - 2*f - 3432 - 643 = 0, 5*f = 0. Is k a composite number?
True
Suppose 3*a + 14 = -16. Let t = -6 - a. Suppose -3*y + 0*d - 3*d + 216 = 0, -t*y + 273 = d. Is y composite?
False
Let a be 3672/11 + (-10)/(-55). Let f = 2 - a. Let u = f - -493. Is u a composite number?
True
Let k(d) = -4*d**2 - 2. Let a be k(5). Let p = 1 - a. Is p composite?
False
Suppose -28 = -5*f - 8. Suppose -9 = -f*u + 1047. Is (-2)/(-6)*(-3 + u) a composite number?
True
Let j(i) = 18*i - 3. Suppose -16 = -4*s - 0*s. Is j(s) a prime number?
False
Let l = -14 + 17. Suppose 0*g - l*g = 5*p - 304, -5 = 5*p. Is g composite?
False
Let o(u) = -u**3 - 17*u**2 - 2*u + 21. Is o(-17) a prime number?
False
Let o be (5 + -2 - 6)/(-1). Suppose 8*k = o*k + 6295. Is k composite?
False
Is 2 - 181*-3 - 4 a prime number?
True
Let s(y) = -y**2 + 9*y - 3. Let j be s(8). Suppose 4*p - b - 24 = -5*b, 4*b = -j*p + 27. Suppose 5*w + 25 - 5 = 0, 5*w = p*a - 719. Is a prime?
True
Let r be ((-5)/15)/((-1)/69). Let k = r + 138. Is k a prime number?
False
Suppose 4*f = 4*g - 20, g = 2*f + 2*f + 2. Let a = g - 1. Suppose -5*d = 4*s - 399, -s - s + 407 = a*d. Is d prime?
True
Suppose -2*t - 3*d + 2*d = -13, 0 = 5*d - 15. Suppose t*m - 8 - 7 = 0. Suppose m = 2*i - 1. Is i composite?
False
Let x(m) = 69*m**2 + 3*m - 2. Let g be x(-4). Suppose 0*j - 878 = -4*u + 2*j, -5*j - g = -5*u. Is u a composite number?
True
Let d(t) = -316*t. Let o(q) = -q. Let u(i) = d(i) - 237*o(i). Is u(-1) a composite number?
False
Let l(b) = 2*b**2 - 16*b + 19. Is l(14) composite?
True
Suppose 2*k - 17 = 21. Suppose 0 = -4*y + h + 73, -3*h + k - 105 = -5*y. Is y a composite number?
False
Let b = 1398 + -899. Is b prime?
True
Let h(s) = -s - 8. Let c be h(-4). Let p(w) = -9*w - 1. Let f be p(c). Suppose -4*b - b = -f. Is b a composite number?
False
Let d(s) = -s**3 + 2*s + 3. Suppose 4*t - 4 - 8 = 0. Suppose t = 3*v, -4*v + 2 - 6 = 4*l. Is d(l) a composite number?
False
Suppose -5*u + 2*w + 3*w = -10985, 4*u + 3*w = 8774. Is u prime?
False
Let j = 1078 + -515. Is j prime?
True
Let q = -138 - 95. Let v = -42 - q. Is v a composite number?
False
Let o(k) be the second derivative of -k**3/6 - 7*k**2/2 + 2*k. Let s be o(-7). Suppose 0*w + 5*w - 175 = s. Is w prime?
False
Suppose 280 = u - 421. Is u a prime number?
True
Suppose 5*n - 455 = 5*y, 2*n = -5*y - 201 - 233. Let m = 185 + y. Is m a composite number?
False
Let x(n) = n**3 + 5*n**2 + n + 1. Let y(s) = 5*s**3 - 5*s**2 + 6*s + 4. Let r(q) = -q**3. Let h(i) = -6*r(i) - y(i). Let p be h(-6). Is x(p) composite?
False
Let r = 285 + 2142. Is r prime?
False
Let g = 1 + 5. Let k(o) = 9*o + 5. Is k(g) a composite number?
False
Let w be 18/3*1/(-3). Is ((-4)/(-8))/(w/(-148)) a prime number?
True
Let j(c) = 34*c. Let o be 94/14 + (-4)/(-14). Let m be j(o). Let z = -89 + m. Is z composite?
False
Suppose m - 8*m = -4585. Is m a prime number?
False
Let s = -27 + 38. Suppose z + 4*v - s = 0, 5*z - 11 + 0 = 2*v. Suppose -4*y - z*l = -76, 0 = l + l. Is y a composite number?
False
Let x = -13 - -7. Let r(b) = b**3 + 10*b**2 - 12*b - 13. Let i be r(-11). Is (i/x)/((-2)/(-114)) composite?
False
Let s = -129 + -63. Let q = -126 - s. Suppose 5*t + o - 76 - 83 = 0, -o = 2*t - q. Is t prime?
True
Suppose 0 = -2*b + 2*f - 258, 0 = -5*b + 2*f + 2*f - 644. Let x = b - -255. Is x prime?
True
Suppose -2*i + 9 = -33. Is i prime?
False
Let a(j) = -j**3 - 7*j**2 - 6*j + 5. Is a(-13) a prime number?
True
Let l(c) = c**3 + 19*c**2 - 23*c - 5. Is l(-20) composite?
True
Suppose 0*i + 41857 = 19*i. Is i prime?
True
Suppose -3*q + 18 = 2*q + y, -3*y = 3*q - 18. Suppose 0*m + q*v + 78 = 3*m, 2*m = 4*v + 50. Suppose -4*c = -2*t - 90, 2*c + 2*t - m = 15. Is c a prime number?
False
Let v(k) = -k**3 - 8*k**2 - 7*k - 13. Is v(-10) a prime number?
True
Suppose 0 = -2*y - 0*y + 902. Is y a prime number?
False
Suppose 3*r + 0 = 5*g - 4, 0 = 4*r + 2*g + 14. Let y = r - -3. Suppose y = 2*h - 2*n - 154, n = -2*h + 5*n + 150. Is h a composite number?
False
Suppose 0 = 2*j - 3*j + 4. Let y = j + -7. Let k = y + 24. Is k a composite number?
True
Let a = 10 - 8. Suppose 0 = i - a*i + 129. Suppose -3*l = 2*r - i, 199 = 4*r + 5*l - 54. Is r composite?
True
Let k = -4 + 7. Suppose 99 = -k*u + 5*q, -27 = 4*u - 5*q + 110. Is (3/(-3) - u)*1 a prime number?
True
Suppose -3 = 4*z - 23. Suppose 2*c + 4*a = 8, -a + z*a - 2 = c. Suppose 20 = 4*s, c*s - 411 + 75 = -2*v. Is v a composite number?
False
Suppose -6*i + i + 1055 = 0. Is i a composite number?
False
Let p be (1 - 4) + 0 - -3. Suppose 5*q + p*q = 635. Is q a prime number?
True
Let c(m) = -397*m. Is c(-1) a prime number?
True
Let x = 4 - 4. Suppose 3*k - k - 62 = x. Is k prime?
True
Let c(y) = 68*y**3 - 2*y + 1. Is c(2) a prime number?
True
Let i(m) = -m**2 - 8*m + 4. Let k be -7 + ((-6)/2)/3. Let u be i(k). Suppose -2*g + 5*v + 89 = 0, -g + 48 = 5*v - u. Is g prime?
True
Let b(g) = -17 + 0 + 8*g + 18. Suppose -4*i = -0*i - 28. Is b(i) composite?
True
Let m(k) = 2*k - 5. Let n be m(10). Let q be n/6*18/15. Suppose 4*x - x + 2*r = 165, -4*r = -q*x + 165. Is x composite?
True
Let r(h) = -741*h - 2. Is r(-1) a prime number?
True
Let z(f) = 6*f - 4*f - 4*f. Let l be z(-1). Suppose -l*b = b - 105. Is b prime?
False
Suppose -5*m + 192 + 1147 = -t, 4*m - 1075 = -3*t. Suppose -6*z + 8*z = m. Is z a composite number?
True
Let z be 18 - (2 + -1 - -1). Suppose -4*y + 0 = -z. Let a(l) = 6*l - 1. Is a(y) composite?
False
Let f = -2 + 4. Let i(s) = 3 - 1 - 7*s**2 + 1 + 20*s**f. Is i(4) prime?
True
Is 2/(-1 - 1) + 638 + 4 a prime number?
True
Let r be (-3)/(-6) - 26/(-4). Suppose s + 0*s - r = 0. Let d = s - 0. Is d composite?
False
Let d be 1 + -5 + 0 + 1. Let v = -1 - d. Suppose 0 = v*h - 46 - 6. Is h composite?
True
Let u(o) = 336*o + 11. Is u(15) a prime number?
True
Suppose k + 2*g - 199 = 31, 0 = 3*k - 5*g - 679. Suppose -2*c + 387 = 5*o, 5*c - 2*c + k = 3*o. Is o composite?
True
Suppose 0 = 5*g - 20, -3*g + 8 = -4*u - 2*g. Is (-195 - 4/(-1))*u prime?
True
Suppose a = -8*a + 10269. Is a composite?
True
Suppose -3*d + 98 = -49. Is d composite?
True
Let c = -5 + 9. Is c - 1 - (-303 - 1) a composite number?
False
Suppose 2*m = -5*o + 6*m - 11, 25 = 5*o + 5*m. Let p = o + 2. Let l(s) = s**2 + 2. Is l(p) a prime number?
True
Let v be (3/6)/((-3)/(-18)). Suppose -s + v = -0*s. Is 2 - 49/(s/(-3)) a composite number?
True
Is 12/60 + (-4988)/(-10) composite?
False
Let h = 35 + -21. Let k = h + 0. Is k prime?
False
Suppose 4*z - 5*p + 2*p - 83 = 0, -4*z - 4*p + 48 = 0. Suppose 3*s - 238 = z. Is s prime?
False
Is -2 - (-83 - -4) - 0 a prime number?
False
Let t(